{"id":16189,"date":"2026-04-06T19:54:54","date_gmt":"2026-04-06T18:54:54","guid":{"rendered":"https:\/\/grillcentrum.shop\/gree\/produkt\/stol-ogrodowy-duzy-rozkladany-160-210x90cm-aluminiowy-z-polywood-8-osob\/"},"modified":"2026-04-11T02:22:39","modified_gmt":"2026-04-11T01:22:39","slug":"stol-ogrodowy-duzy-rozkladany-160-210x90cm-aluminiowy-z-polywood-8-osob","status":"publish","type":"product","link":"https:\/\/ogrodowyswiat24.shop\/grill\/produkt\/stol-ogrodowy-duzy-rozkladany-160-210x90cm-aluminiowy-z-polywood-8-osob\/","title":{"rendered":"St\u00f3\u0142 Ogrodowy Du\u017cy Rozk\u0142adany 160\/210x90cm Aluminiowy z Polywood 8 Os\u00f3b"},"content":{"rendered":"<div style=\"font-family: Arial, sans-serif; line-height: 1.6; color: #333; padding: 20px; clear: both; display: block; width: 100%; float: none; position: static; overflow: hidden;\">\n<div style=\"clear: both; display: block; margin: 10px 0;\">\n<div style=\"clear: both; display: block; margin: 10px 0;\">\n<div style=\"clear: both; display: block; margin: 10px 0;\">\n<h1>St\u00f3\u0142 ogrodowy du\u017cy rozk\u0142adany 160\/210x90cm aluminiowy z polywood Drena di volio&nbsp;<\/h1>\n<p style=\"margin: 15px 0; line-height: 1.8; clear: both; display: block; width: 100%; float: none; position: static;\"><b>Rozk\u0142adany st\u00f3\u0142 ogrodowy<\/b> Drena marki di volio to funkcjonalne i wszechstronne rozwi\u0105zanie dla Twojego ogrodu lub tarasu,&nbsp;\u0142\u0105cz\u0105ce wygod\u0119 u\u017cytkowania z eleganckim designem i trwa\u0142o\u015bci\u0105. <b>Aluminiowa konstrukcja<\/b> i <b>blat z tworzywa polywood<\/b>, wiernie imituj\u0105cego drewno&nbsp;sprawiaj\u0105, \u017ce st\u00f3\u0142 jest lekki, a jednocze\u015bnie wytrzyma\u0142y i odporny na dzia\u0142anie r\u00f3\u017cnych warunk\u00f3w atmosferycznych. <b>Nowoczesna, prosta form<\/b>a i stonowana kolorystyka, bazuj\u0105ca na naturalnych odcieniach be\u017cu i czerni, nadaj\u0105 meblowi uniwersalny charakter, dzi\u0119ki kt\u00f3remu b\u0119dzie doskonale wpisywa\u0142 si\u0119 w ka\u017cd\u0105 aran\u017cacj\u0119 przestrzeni, niezale\u017cnie od stylu.&nbsp;<\/p>\n<\/div>\n<\/div>\n<\/div>\n<div style=\"clear: both; display: block; margin: 10px 0;\">\n<div style=\"clear: both; display: block; margin: 10px 0;\">\n<div style=\"clear: both; display: block; margin: 10px 0;\">\n<div  style=\"max-width:2000px;max-height:2000px\">\n<div style=\"clear: both; display: block; margin: 10px 0;\">\n<div style=\"clear: both; width: 100%; display: block; margin: 20px 0; padding: 0; float: none; position: static; text-align: center;\"><img decoding=\"async\"  src=\"https:\/\/a.allegroimg.com\/original\/112568\/185064824f8dbccd5dfdd09922c8\/Stol-Ogrodowy-Duzy-Rozkladany-160-210x90cm-Aluminiowy-z-Polywood-8-Osob-Wodoodpornosc-tak\" srcset=\"https:\/\/a.allegroimg.com\/original\/112568\/185064824f8dbccd5dfdd09922c8\/Stol-Ogrodowy-Duzy-Rozkladany-160-210x90cm-Aluminiowy-z-Polywood-8-Osob-Wodoodpornosc-tak 360w,https:\/\/a.allegroimg.com\/original\/112568\/185064824f8dbccd5dfdd09922c8\/Stol-Ogrodowy-Duzy-Rozkladany-160-210x90cm-Aluminiowy-z-Polywood-8-Osob-Wodoodpornosc-tak 720w,https:\/\/a.allegroimg.com\/original\/112568\/185064824f8dbccd5dfdd09922c8\/Stol-Ogrodowy-Duzy-Rozkladany-160-210x90cm-Aluminiowy-z-Polywood-8-Osob-Wodoodpornosc-tak 1024w,https:\/\/a.allegroimg.com\/original\/112568\/185064824f8dbccd5dfdd09922c8\/Stol-Ogrodowy-Duzy-Rozkladany-160-210x90cm-Aluminiowy-z-Polywood-8-Osob-Wodoodpornosc-tak 1440w,https:\/\/a.allegroimg.com\/original\/112568\/185064824f8dbccd5dfdd09922c8\/Stol-Ogrodowy-Duzy-Rozkladany-160-210x90cm-Aluminiowy-z-Polywood-8-Osob-Wodoodpornosc-tak 2000w\" sizes=\"(min-width: 1200px) 560px, (min-width: 992px) 50vw, 100vw\" width=\"2000px\" alt=\"St\u00f3\u0142 Ogrodowy Du\u017cy Rozk\u0142adany 160\/210x90cm Aluminiowy z Polywood 8 Os\u00f3b Wodoodporno\u015b\u0107 tak\" style=\"max-width: 100%; height: auto; display: block; margin: 0 auto;\"><\/div>\n<\/div>\n<\/div>\n<\/div>\n<\/div>\n<div style=\"clear: both; display: block; margin: 10px 0;\">\n<div style=\"clear: both; display: block; margin: 10px 0;\">\n<h2>Aluminiowa rama<\/h2>\n<p style=\"margin: 15px 0; line-height: 1.8; clear: both; display: block; width: 100%; float: none; position: static;\">Rama sto\u0142u w kolorze czarnym wykonana zosta\u0142a z&nbsp;<b>wytrzyma\u0142ego aluminium<\/b> o antykorozyjnych w\u0142a\u015bciwo\u015bciach, dzi\u0119ki czemu st\u00f3\u0142 zyskuje du\u017c\u0105 trwa\u0142o\u015b\u0107 i odporno\u015b\u0107 na dzia\u0142anie wilgoci. Zalet\u0105 <b>aluminiowej konstrukcji<\/b> jest tak\u017ce jej lekko\u015b\u0107. <b>Meble ogrodowe z aluminium<\/b> s\u0105 bardziej mobilne i \u0142atwiejsze do przestawiania, co ma szczeg\u00f3lne znaczenie w przypadku modeli o du\u017cych gabarytach, takich jak sto\u0142y jadalniane.<\/p>\n<p style=\"margin: 15px 0; line-height: 1.8; clear: both; display: block; width: 100%; float: none; position: static;\">\n<\/div>\n<\/div>\n<\/div>\n<div style=\"clear: both; display: block; margin: 10px 0;\">\n<div style=\"clear: both; display: block; margin: 10px 0;\">\n<div style=\"clear: both; display: block; margin: 10px 0;\">\n<div  style=\"max-width:2000px;max-height:2000px\">\n<div style=\"clear: both; display: block; margin: 10px 0;\">\n<div style=\"clear: both; width: 100%; display: block; margin: 20px 0; padding: 0; float: none; position: static; text-align: center;\"><img decoding=\"async\"  src=\"https:\/\/a.allegroimg.com\/original\/1148d8\/78e950aa49eca107875c684e7363\/Stol-Ogrodowy-Duzy-Rozkladany-160-210x90cm-Aluminiowy-z-Polywood-8-Osob-Glebokosc-mebla-90-cm\" srcset=\"https:\/\/a.allegroimg.com\/original\/1148d8\/78e950aa49eca107875c684e7363\/Stol-Ogrodowy-Duzy-Rozkladany-160-210x90cm-Aluminiowy-z-Polywood-8-Osob-Glebokosc-mebla-90-cm 360w,https:\/\/a.allegroimg.com\/original\/1148d8\/78e950aa49eca107875c684e7363\/Stol-Ogrodowy-Duzy-Rozkladany-160-210x90cm-Aluminiowy-z-Polywood-8-Osob-Glebokosc-mebla-90-cm 720w,https:\/\/a.allegroimg.com\/original\/1148d8\/78e950aa49eca107875c684e7363\/Stol-Ogrodowy-Duzy-Rozkladany-160-210x90cm-Aluminiowy-z-Polywood-8-Osob-Glebokosc-mebla-90-cm 1024w,https:\/\/a.allegroimg.com\/original\/1148d8\/78e950aa49eca107875c684e7363\/Stol-Ogrodowy-Duzy-Rozkladany-160-210x90cm-Aluminiowy-z-Polywood-8-Osob-Glebokosc-mebla-90-cm 1440w,https:\/\/a.allegroimg.com\/original\/1148d8\/78e950aa49eca107875c684e7363\/Stol-Ogrodowy-Duzy-Rozkladany-160-210x90cm-Aluminiowy-z-Polywood-8-Osob-Glebokosc-mebla-90-cm 2000w\" sizes=\"(min-width: 1200px) 560px, (min-width: 992px) 50vw, 100vw\" width=\"2000px\" alt=\"St\u00f3\u0142 Ogrodowy Du\u017cy Rozk\u0142adany 160\/210x90cm Aluminiowy z Polywood 8 Os\u00f3b G\u0142\u0119boko\u015b\u0107 mebla 90 cm\" style=\"max-width: 100%; height: auto; display: block; margin: 0 auto;\"><\/div>\n<\/div>\n<\/div>\n<\/div>\n<\/div>\n<div style=\"clear: both; display: block; margin: 10px 0;\">\n<div style=\"clear: both; display: block; margin: 10px 0;\">\n<h2>Trwa\u0142y blat z nowoczesnego polywoodu<\/h2>\n<p style=\"margin: 15px 0; line-height: 1.8; clear: both; display: block; width: 100%; float: none; position: static;\">Prostok\u0105tny blat sto\u0142u wykonano z <b>polywoodu<\/b> \u2013 nowoczesnego tworzywa, kt\u00f3re \u0142\u0105czy estetyk\u0119 naturalnego drewna z wytrzyma\u0142o\u015bci\u0105 kompozytu. Jest to rozwi\u0105zanie <b>znacznie praktyczniejsze od klasycznego drewna<\/b>: nie wymaga corocznej impregnacji, olejowania ani uci\u0105\u017cliwej konserwacji, a przy tym jest odporne na gnicie i szkodniki.<\/p>\n<p style=\"margin: 15px 0; line-height: 1.8; clear: both; display: block; width: 100%; float: none; position: static;\">Blat wykazuje <b>wysok\u0105 odporno\u015b\u0107<\/b> na zmienne warunki atmosferyczne, takie jak deszcz czy \u015bnieg. Cho\u0107 materia\u0142 posiada stabilizatory UV, kt\u00f3re chroni\u0105 kolor przed szybk\u0105 degradacj\u0105, warto pami\u0119ta\u0107, bezpo\u015brednia ekspozycja na bardzo intensywne s\u0142o\u0144ce mo\u017ce z czasem wp\u0142yn\u0105\u0107 na subteln\u0105 zmian\u0119 odcienia \u2013 co jest naturalnym procesem dla wi\u0119kszo\u015bci materia\u0142\u00f3w zewn\u0119trznych. <b>Blat jest wyj\u0105tkowo \u0142atwy w piel\u0119gnacji<\/b>, a jego zwarta struktura sprawia, \u017ce wi\u0119kszo\u015b\u0107 przypadkowych zabrudze\u0144 nie wnika w g\u0142\u0105b materia\u0142u.<\/p>\n<p style=\"margin: 15px 0; line-height: 1.8; clear: both; display: block; width: 100%; float: none; position: static;\">\n<\/div>\n<\/div>\n<\/div>\n<div style=\"clear: both; display: block; margin: 10px 0;\">\n<div style=\"clear: both; display: block; margin: 10px 0;\">\n<div style=\"clear: both; display: block; margin: 10px 0;\">\n<div  style=\"max-width:2000px;max-height:2000px\">\n<div style=\"clear: both; display: block; margin: 10px 0;\">\n<div style=\"clear: both; width: 100%; display: block; margin: 20px 0; padding: 0; float: none; position: static; text-align: center;\"><img decoding=\"async\"  src=\"https:\/\/a.allegroimg.com\/original\/118067\/98ea61c948a8a6e097f066f38741\/Stol-Ogrodowy-Duzy-Rozkladany-160-210x90cm-Aluminiowy-z-Polywood-8-Osob-Kod-producenta-DV-061GT\" srcset=\"https:\/\/a.allegroimg.com\/original\/118067\/98ea61c948a8a6e097f066f38741\/Stol-Ogrodowy-Duzy-Rozkladany-160-210x90cm-Aluminiowy-z-Polywood-8-Osob-Kod-producenta-DV-061GT 360w,https:\/\/a.allegroimg.com\/original\/118067\/98ea61c948a8a6e097f066f38741\/Stol-Ogrodowy-Duzy-Rozkladany-160-210x90cm-Aluminiowy-z-Polywood-8-Osob-Kod-producenta-DV-061GT 720w,https:\/\/a.allegroimg.com\/original\/118067\/98ea61c948a8a6e097f066f38741\/Stol-Ogrodowy-Duzy-Rozkladany-160-210x90cm-Aluminiowy-z-Polywood-8-Osob-Kod-producenta-DV-061GT 1024w,https:\/\/a.allegroimg.com\/original\/118067\/98ea61c948a8a6e097f066f38741\/Stol-Ogrodowy-Duzy-Rozkladany-160-210x90cm-Aluminiowy-z-Polywood-8-Osob-Kod-producenta-DV-061GT 1440w,https:\/\/a.allegroimg.com\/original\/118067\/98ea61c948a8a6e097f066f38741\/Stol-Ogrodowy-Duzy-Rozkladany-160-210x90cm-Aluminiowy-z-Polywood-8-Osob-Kod-producenta-DV-061GT 2000w\" sizes=\"(min-width: 1200px) 560px, (min-width: 992px) 50vw, 100vw\" width=\"2000px\" alt=\"St\u00f3\u0142 Ogrodowy Du\u017cy Rozk\u0142adany 160\/210x90cm Aluminiowy z Polywood 8 Os\u00f3b Kod producenta DV-061GT\" style=\"max-width: 100%; height: auto; display: block; margin: 0 auto;\"><\/div>\n<\/div>\n<\/div>\n<\/div>\n<\/div>\n<div style=\"clear: both; display: block; margin: 10px 0;\">\n<div style=\"clear: both; display: block; margin: 10px 0;\">\n<h2>Mo\u017cliwo\u015b\u0107 rozk\u0142adania<\/h2>\n<p style=\"margin: 15px 0; line-height: 1.8; clear: both; display: block; width: 100%; float: none; position: static;\"><b>St\u00f3\u0142 ogrodowy<\/b> Drena posiada \u0142atwy, p\u0142ynny i cichy&nbsp;<b>system rozk\u0142adania<\/b> umo\u017cliwiaj\u0105cy powi\u0119kszenie blatu do rozmiaru 210 cm. Wystarczy, \u017ce rozsuniesz dwie cz\u0119\u015bci blatu na boki, a do przestrzeni powsta\u0142ej na \u015brodku w\u0142o\u017cysz dodatkowy panel, kt\u00f3ry przechowywany jest pod blatem. Praktyczna <b>funkcja rozk\u0142adania<\/b> sprawia, \u017ce st\u00f3\u0142 doskonale sprawdzi si\u0119 podczas przyj\u0119\u0107, rodzinnych spotka\u0144 i posi\u0142k\u00f3w na \u015bwie\u017cym powietrzu.<\/p>\n<p style=\"margin: 15px 0; line-height: 1.8; clear: both; display: block; width: 100%; float: none; position: static;\">\n<\/div>\n<\/div>\n<\/div>\n<div style=\"clear: both; display: block; margin: 10px 0;\">\n<div style=\"clear: both; display: block; margin: 10px 0;\">\n<div style=\"clear: both; display: block; margin: 10px 0;\">\n<div  style=\"max-width:2000px;max-height:2000px\">\n<div style=\"clear: both; display: block; margin: 10px 0;\">\n<div style=\"clear: both; width: 100%; display: block; margin: 20px 0; padding: 0; float: none; position: static; text-align: center;\"><img decoding=\"async\"  src=\"https:\/\/a.allegroimg.com\/original\/11b93b\/22a7789b4b2394b1af4f41db92d7\/Stol-Ogrodowy-Duzy-Rozkladany-160-210x90cm-Aluminiowy-z-Polywood-8-Osob-Stan-opakowania-oryginalne\" srcset=\"https:\/\/a.allegroimg.com\/original\/11b93b\/22a7789b4b2394b1af4f41db92d7\/Stol-Ogrodowy-Duzy-Rozkladany-160-210x90cm-Aluminiowy-z-Polywood-8-Osob-Stan-opakowania-oryginalne 360w,https:\/\/a.allegroimg.com\/original\/11b93b\/22a7789b4b2394b1af4f41db92d7\/Stol-Ogrodowy-Duzy-Rozkladany-160-210x90cm-Aluminiowy-z-Polywood-8-Osob-Stan-opakowania-oryginalne 720w,https:\/\/a.allegroimg.com\/original\/11b93b\/22a7789b4b2394b1af4f41db92d7\/Stol-Ogrodowy-Duzy-Rozkladany-160-210x90cm-Aluminiowy-z-Polywood-8-Osob-Stan-opakowania-oryginalne 1024w,https:\/\/a.allegroimg.com\/original\/11b93b\/22a7789b4b2394b1af4f41db92d7\/Stol-Ogrodowy-Duzy-Rozkladany-160-210x90cm-Aluminiowy-z-Polywood-8-Osob-Stan-opakowania-oryginalne 1440w,https:\/\/a.allegroimg.com\/original\/11b93b\/22a7789b4b2394b1af4f41db92d7\/Stol-Ogrodowy-Duzy-Rozkladany-160-210x90cm-Aluminiowy-z-Polywood-8-Osob-Stan-opakowania-oryginalne 2000w\" sizes=\"(min-width: 1200px) 560px, (min-width: 992px) 50vw, 100vw\" width=\"2000px\" alt=\"St\u00f3\u0142 Ogrodowy Du\u017cy Rozk\u0142adany 160\/210x90cm Aluminiowy z Polywood 8 Os\u00f3b Stan opakowania oryginalne\" style=\"max-width: 100%; height: auto; display: block; margin: 0 auto;\"><\/div>\n<\/div>\n<\/div>\n<\/div>\n<\/div>\n<div style=\"clear: both; display: block; margin: 10px 0;\">\n<div style=\"clear: both; display: block; margin: 10px 0;\">\n<h2>Specyfikacja<\/h2>\n<ul style=\"margin: 15px 0; padding-left: 20px; clear: both; display: block; width: 100%; float: none; position: static;\">\n<li style=\"margin: 5px 0; padding: 2px 0; clear: both; display: list-item; float: none; position: static;\">Marka: di volio<\/li>\n<li style=\"margin: 5px 0; padding: 2px 0; clear: both; display: list-item; float: none; position: static;\">Model: DV-066GT Drena<\/li>\n<li style=\"margin: 5px 0; padding: 2px 0; clear: both; display: list-item; float: none; position: static;\">Kszta\u0142t: Prostok\u0105tny<\/li>\n<li style=\"margin: 5px 0; padding: 2px 0; clear: both; display: list-item; float: none; position: static;\">Obci\u0105\u017cenie: 150 kg<\/li>\n<li style=\"margin: 5px 0; padding: 2px 0; clear: both; display: list-item; float: none; position: static;\">Rodzaj stela\u017ca \/ ramy: Aluminium<\/li>\n<li style=\"margin: 5px 0; padding: 2px 0; clear: both; display: list-item; float: none; position: static;\">Kszta\u0142t sto\u0142u: Prostok\u0105t<\/li>\n<li style=\"margin: 5px 0; padding: 2px 0; clear: both; display: list-item; float: none; position: static;\">Kolor blatu: Be\u017cowy<\/li>\n<li style=\"margin: 5px 0; padding: 2px 0; clear: both; display: list-item; float: none; position: static;\">Kolor ramy: Czarny<\/li>\n<li style=\"margin: 5px 0; padding: 2px 0; clear: both; display: list-item; float: none; position: static;\">Rodzaj blatu sto\u0142u: Pollywood, Deska PS &#8211; szer. 9,5 cm \/ gr. 1 cm \/ d\u0142. 90 cm, Ilo\u015b\u0107: 16 szt.<\/li>\n<\/ul>\n<h2>Wymiary<\/h2>\n<ul style=\"margin: 15px 0; padding-left: 20px; clear: both; display: block; width: 100%; float: none; position: static;\">\n<li style=\"margin: 5px 0; padding: 2px 0; clear: both; display: list-item; float: none; position: static;\">Waga produktu: 29 kg<\/li>\n<li style=\"margin: 5px 0; padding: 2px 0; clear: both; display: list-item; float: none; position: static;\">Wymiary opakowania: 154 \/ 93 \/ 12 cm<\/li>\n<li style=\"margin: 5px 0; padding: 2px 0; clear: both; display: list-item; float: none; position: static;\">Profile n\u00f3g: Nogi w kszta\u0142cie litery &#8222;L&#8221;, wymiar na dole: 6 \/ 6 cm Wymiary sto\u0142u<\/li>\n<li style=\"margin: 5px 0; padding: 2px 0; clear: both; display: list-item; float: none; position: static;\">Z\u0142o\u017cony: d\u0142. 160 cm \/ szer. 90 cm \/ wys. 75,5 cm<\/li>\n<li style=\"margin: 5px 0; padding: 2px 0; clear: both; display: list-item; float: none; position: static;\">Roz\u0142o\u017cony: d\u0142. 210 cm \/ szer. 90 cm \/ wys. 75,5 cm<\/li>\n<\/ul>\n<h2>Przeznaczenie<\/h2>\n<ul style=\"margin: 15px 0; padding-left: 20px; clear: both; display: block; width: 100%; float: none; position: static;\">\n<li style=\"margin: 5px 0; padding: 2px 0; clear: both; display: list-item; float: none; position: static;\">Do u\u017cytku domowego<\/li>\n<li style=\"margin: 5px 0; padding: 2px 0; clear: both; display: list-item; float: none; position: static;\">Do samodzielnego monta\u017cu<\/li>\n<\/ul>\n<h2>Dodatkowe wyposa\u017cenie<\/h2>\n<ul style=\"margin: 15px 0; padding-left: 20px; clear: both; display: block; width: 100%; float: none; position: static;\">\n<li style=\"margin: 5px 0; padding: 2px 0; clear: both; display: list-item; float: none; position: static;\">2x Stopki poziomuj\u0105ce<\/li>\n<\/ul>\n<p style=\"margin: 15px 0; line-height: 1.8; clear: both; display: block; width: 100%; float: none; position: static;\">\n<\/div>\n<\/div>\n<\/div>\n<div style=\"clear: both; display: block; margin: 10px 0;\">\n<div style=\"clear: both; display: block; margin: 10px 0;\">\n<div style=\"clear: both; display: block; margin: 10px 0;\">\n<p style=\"margin: 15px 0; line-height: 1.8; clear: both; display: block; width: 100%; float: none; position: static;\">Zdj\u0119cie podgl\u0105dowe pokazuj\u0105ce zalety i funkcjonalno\u015b\u0107 sto\u0142u, krzes\u0142a nie s\u0105 elementem zestawu.<\/p>\n<\/div>\n<\/div>\n<\/div>\n<\/div>\n<\/div>\n<\/div>\n<div style=\"clear: both; display: block; margin: 10px 0;\">\n","protected":false},"excerpt":{"rendered":"<p>St\u00f3\u0142 ogrodowy du\u017cy rozk\u0142adany 160\/210x90cm aluminiowy z polywood Drena di volio&nbsp;<\/p>\n","protected":false},"featured_media":16190,"template":"","meta":{"_uag_custom_page_level_css":""},"product_brand":[949],"product_cat":[542,541,543],"product_tag":[],"class_list":{"0":"post-16189","1":"product","2":"type-product","3":"status-publish","4":"has-post-thumbnail","6":"product_brand-di-volio","7":"product_cat-meble-ogrodowe","8":"product_cat-ogrod","9":"product_cat-stoly-i-stoliki","11":"first","12":"instock","13":"sale","14":"shipping-taxable","15":"purchasable","16":"product-type-simple"},"uagb_featured_image_src":{"full":["https:\/\/ogrodowyswiat24.shop\/grill\/wp-content\/uploads\/2026\/04\/allegro-image-16189.jpg",2000,2000,false],"thumbnail":["https:\/\/ogrodowyswiat24.shop\/grill\/wp-content\/uploads\/2026\/04\/allegro-image-16189-150x150.jpg",150,150,true],"medium":["https:\/\/ogrodowyswiat24.shop\/grill\/wp-content\/uploads\/2026\/04\/allegro-image-16189-300x300.jpg",300,300,true],"medium_large":["https:\/\/ogrodowyswiat24.shop\/grill\/wp-content\/uploads\/2026\/04\/allegro-image-16189-768x768.jpg",768,768,true],"large":["https:\/\/ogrodowyswiat24.shop\/grill\/wp-content\/uploads\/2026\/04\/allegro-image-16189-1024x1024.jpg",1024,1024,true],"1536x1536":["https:\/\/ogrodowyswiat24.shop\/grill\/wp-content\/uploads\/2026\/04\/allegro-image-16189-1536x1536.jpg",1536,1536,true],"2048x2048":["https:\/\/ogrodowyswiat24.shop\/grill\/wp-content\/uploads\/2026\/04\/allegro-image-16189.jpg",2000,2000,false],"woocommerce_thumbnail":["https:\/\/ogrodowyswiat24.shop\/grill\/wp-content\/uploads\/2026\/04\/allegro-image-16189-300x300.jpg",300,300,true],"woocommerce_single":["https:\/\/ogrodowyswiat24.shop\/grill\/wp-content\/uploads\/2026\/04\/allegro-image-16189-600x600.jpg",600,600,true],"woocommerce_gallery_thumbnail":["https:\/\/ogrodowyswiat24.shop\/grill\/wp-content\/uploads\/2026\/04\/allegro-image-16189-100x100.jpg",100,100,true]},"uagb_author_info":{"display_name":"admin","author_link":"https:\/\/ogrodowyswiat24.shop\/grill\/author\/"},"uagb_comment_info":0,"uagb_excerpt":"St\u00f3\u0142 ogrodowy du\u017cy rozk\u0142adany 160\/210x90cm aluminiowy z polywood Drena di volio&nbsp;","_links":{"self":[{"href":"https:\/\/ogrodowyswiat24.shop\/grill\/wp-json\/wp\/v2\/product\/16189","targetHints":{"allow":["GET"]}}],"collection":[{"href":"https:\/\/ogrodowyswiat24.shop\/grill\/wp-json\/wp\/v2\/product"}],"about":[{"href":"https:\/\/ogrodowyswiat24.shop\/grill\/wp-json\/wp\/v2\/types\/product"}],"wp:featuredmedia":[{"embeddable":true,"href":"https:\/\/ogrodowyswiat24.shop\/grill\/wp-json\/wp\/v2\/media\/16190"}],"wp:attachment":[{"href":"https:\/\/ogrodowyswiat24.shop\/grill\/wp-json\/wp\/v2\/media?parent=16189"}],"wp:term":[{"taxonomy":"product_brand","embeddable":true,"href":"https:\/\/ogrodowyswiat24.shop\/grill\/wp-json\/wp\/v2\/product_brand?post=16189"},{"taxonomy":"product_cat","embeddable":true,"href":"https:\/\/ogrodowyswiat24.shop\/grill\/wp-json\/wp\/v2\/product_cat?post=16189"},{"taxonomy":"product_tag","embeddable":true,"href":"https:\/\/ogrodowyswiat24.shop\/grill\/wp-json\/wp\/v2\/product_tag?post=16189"}],"curies":[{"name":"wp","href":"https:\/\/api.w.org\/{rel}","templated":true}]}}